{"id":82,"date":"2014-03-26T22:22:32","date_gmt":"2014-03-26T22:22:32","guid":{"rendered":"http:\/\/swiss-cave-diver.ch\/?page_id=82"},"modified":"2023-08-31T14:45:20","modified_gmt":"2023-08-31T14:45:20","slug":"kontakt","status":"publish","type":"page","link":"https:\/\/swiss-cave-diver.ch\/?page_id=82","title":{"rendered":"Kontakt"},"content":{"rendered":"<table style=\"width: 100%;\" border=\"0\" cellspacing=\"3\" cellpadding=\"3\">\n<tbody>\n<tr valign=\"top\">\n<td style=\"width: 241px;\" colspan=\"2\" valign=\"top\">Fritz Schatzmann<br \/>\nBirenackerstrasse 6<br \/>\n5502 CH-Hunzenschwil<\/p>\n<p><a href=\"mailto:fritz.schatzmann@bluewin.ch\">fritz.schatzmann@bluewin.ch<\/a><\/td>\n<td colspan=\"3\" valign=\"top\" width=\"219\"><a href=\"http:\/\/swiss-cave-diver.ch\/wp-content\/uploads\/2014\/03\/fritz-schatzmann.jpg\"><img loading=\"lazy\" decoding=\"async\" style=\"vertical-align: top;\" src=\"http:\/\/swiss-cave-diver.ch\/wp-content\/uploads\/2014\/03\/fritz-schatzmann-300x224.jpg\" alt=\"Fritz Schatzmann\" width=\"300\" height=\"224\" \/><\/a><\/td>\n<\/tr>\n<tr>\n<td colspan=\"4\" valign=\"top\">Taucher seit<\/td>\n<td valign=\"top\">1982<\/td>\n<\/tr>\n<tr>\n<td colspan=\"4\" valign=\"top\">Tauchlehrer seit<\/td>\n<td valign=\"top\">1987<\/td>\n<\/tr>\n<tr>\n<td colspan=\"4\" valign=\"top\">H\u00f6hlentaucher seit<\/td>\n<td valign=\"top\">1994<\/td>\n<\/tr>\n<tr>\n<td colspan=\"4\" valign=\"top\">Full Cave Diving Instruktor seit<\/td>\n<td valign=\"top\">2000<\/td>\n<\/tr>\n<tr>\n<td colspan=\"4\" valign=\"top\">Cave Diving Staff Instruktor seit<\/td>\n<td valign=\"top\">2004<\/td>\n<\/tr>\n<tr>\n<td colspan=\"2\" valign=\"top\"><\/td>\n<td colspan=\"3\" valign=\"top\"><\/td>\n<\/tr>\n<tr>\n<td colspan=\"5\" valign=\"top\"><strong>Sonstige Instruktorenbrevets:<\/strong><\/td>\n<\/tr>\n<tr>\n<td colspan=\"2\" valign=\"top\">I2 CMAS<\/td>\n<td colspan=\"3\" valign=\"top\"><\/td>\n<\/tr>\n<tr>\n<td colspan=\"2\" valign=\"top\">Nitrox Adv. Instruktor CMAS<\/td>\n<td colspan=\"3\" valign=\"top\"><\/td>\n<\/tr>\n<tr>\n<td colspan=\"2\" valign=\"top\">Trimix Instruktor CMAS<\/td>\n<td colspan=\"3\" valign=\"top\"><\/td>\n<\/tr>\n<tr>\n<td colspan=\"2\" valign=\"top\"><\/td>\n<td colspan=\"3\" valign=\"top\"><\/td>\n<\/tr>\n<tr>\n<td colspan=\"2\" valign=\"top\"><strong>Spezielles:<\/strong><\/td>\n<td colspan=\"3\" valign=\"top\"><\/td>\n<\/tr>\n<tr>\n<td colspan=\"5\" valign=\"top\">bei langen H\u00f6hlentauchg\u00e4ngen oder Explorationen verwende ich ein doppeltes Kreislaufger\u00e4t (PSCR)<\/td>\n<\/tr>\n<tr>\n<td colspan=\"5\" valign=\"top\"><\/td>\n<\/tr>\n<\/tbody>\n<\/table>\n<p>Ich bin Mitglied bei:<\/p>\n<p><a style=\"font-style: normal; line-height: 24.375px;\" href=\"http:\/\/swiss-cave-diver.ch\/wp-content\/uploads\/2014\/03\/logosss01.gif\"><img loading=\"lazy\" decoding=\"async\" src=\"http:\/\/swiss-cave-diver.ch\/wp-content\/uploads\/2014\/03\/logosss01.gif\" alt=\"logosss01\" width=\"100\" height=\"100\" \/><\/a><img loading=\"lazy\" decoding=\"async\" src=\"http:\/\/swiss-cave-diver.ch\/wp-content\/uploads\/2014\/03\/logo_sgh.gif\" alt=\"logo_sgh\" width=\"100\" height=\"100\" \/><a href=\"http:\/\/swiss-cave-diver.ch\/wp-content\/uploads\/2020\/07\/CMAS-swiss-diving-schwarz-transparent.png\"><img loading=\"lazy\" decoding=\"async\" class=\"alignleft  wp-image-181\" src=\"http:\/\/swiss-cave-diver.ch\/wp-content\/uploads\/2020\/07\/CMAS-swiss-diving-schwarz-transparent-300x94.png\" alt=\"\" width=\"153\" height=\"54\" \/><\/a><img loading=\"lazy\" decoding=\"async\" style=\"color: #000000; text-align: left;\" src=\"http:\/\/swiss-cave-diver.ch\/wp-content\/uploads\/2014\/03\/logofarbig1.jpg\" alt=\"logofarbig1\" width=\"100\" height=\"100\" \/><\/p>\n","protected":false},"excerpt":{"rendered":"<p>Fritz Schatzmann Birenackerstrasse 6 5502 CH-Hunzenschwil fritz.schatzmann@bluewin.ch Taucher seit 1982 Tauchlehrer seit 1987 H\u00f6hlentaucher seit 1994 Full Cave Diving Instruktor seit 2000 Cave Diving Staff Instruktor seit 2004 Sonstige Instruktorenbrevets: I2 CMAS Nitrox Adv. Instruktor CMAS Trimix Instruktor CMAS Spezielles: &hellip; <a href=\"https:\/\/swiss-cave-diver.ch\/?page_id=82\">Weiterlesen <span class=\"meta-nav\">&rarr;<\/span><\/a><\/p>\n","protected":false},"author":1,"featured_media":0,"parent":0,"menu_order":8,"comment_status":"closed","ping_status":"closed","template":"","meta":{"footnotes":""},"class_list":["post-82","page","type-page","status-publish","hentry"],"_links":{"self":[{"href":"https:\/\/swiss-cave-diver.ch\/index.php?rest_route=\/wp\/v2\/pages\/82","targetHints":{"allow":["GET"]}}],"collection":[{"href":"https:\/\/swiss-cave-diver.ch\/index.php?rest_route=\/wp\/v2\/pages"}],"about":[{"href":"https:\/\/swiss-cave-diver.ch\/index.php?rest_route=\/wp\/v2\/types\/page"}],"author":[{"embeddable":true,"href":"https:\/\/swiss-cave-diver.ch\/index.php?rest_route=\/wp\/v2\/users\/1"}],"replies":[{"embeddable":true,"href":"https:\/\/swiss-cave-diver.ch\/index.php?rest_route=%2Fwp%2Fv2%2Fcomments&post=82"}],"version-history":[{"count":13,"href":"https:\/\/swiss-cave-diver.ch\/index.php?rest_route=\/wp\/v2\/pages\/82\/revisions"}],"predecessor-version":[{"id":194,"href":"https:\/\/swiss-cave-diver.ch\/index.php?rest_route=\/wp\/v2\/pages\/82\/revisions\/194"}],"wp:attachment":[{"href":"https:\/\/swiss-cave-diver.ch\/index.php?rest_route=%2Fwp%2Fv2%2Fmedia&parent=82"}],"curies":[{"name":"wp","href":"https:\/\/api.w.org\/{rel}","templated":true}]}}